{"id":351,"date":"2019-07-29T10:17:37","date_gmt":"2019-07-29T08:17:37","guid":{"rendered":"http:\/\/tragschrauber.it\/wordpress\/?page_id=351"},"modified":"2019-07-29T10:17:37","modified_gmt":"2019-07-29T08:17:37","slug":"it-services","status":"publish","type":"page","link":"https:\/\/tragschrauber.it\/wordpress\/it-services\/","title":{"rendered":"IT-Services"},"content":{"rendered":"<p>Neben meiner Affinit\u00e4t zur Fliegerei bin ich technikbegeisterter Fachinformatiker und biete meinen Kunden bereits seit 2002 Unterst\u00fctzung beim Betrieb verschiedenster IT-Landschaften im privaten und Businessumfeld.<br \/>\nGerade im Business ist eine Aufgabenerledigung ohne die Unterst\u00fctzung durch die Informationstechnik meist nicht mehr denkbar, was dazu f\u00fchrt, dass diese Strukturen besonders gesch\u00fctzt werden m\u00fcssen. Eine IT Landschaft muss daher st\u00e4ndig verf\u00fcgbar und gesch\u00fctzt sein, sodass die Datenintegrit\u00e4t sowie die Vertraulichkeit gewahrt bleibt.<br \/>\nOftmals ist es die Konsequenz, dass ein Mitarbeiter, der die IT neben seiner regul\u00e4ren T\u00e4tigkeit betreiben soll, sich gar nicht mehr in die vielf\u00e4ltigen Themen einarbeiten kann und somit die Gefahr f\u00fcr Angriffe bis hin zu einem Komplettausfall f\u00fcr ein IT-Netzwerk noch gesteigert wird.<br \/>\nSpezial-T bietet bereits seit 2002 Unterst\u00fctzung beim Betrieb verschiedenster IT-Landschaften im Businessumfeld. Dabei geht es heute ebenso um die Verl\u00e4sslichkeit von Systemen als auch um die Absicherung gegen externe und interne Gefahren, wobei die verschiedensten gesetzlichen Bestimmungen (z.B. Datenschutz) beim Betrieb von IT Anlagen zu beachten sind.<br \/>\nUnser Kundenumfeld reicht hier von dem kleinen Unternehmer mit 1-2 Arbeitspl\u00e4tzen bis hin zu mittelst\u00e4ndischen Unternehmen von 30-50 Arbeitspl\u00e4tzen.<br \/>\nWir helfen Ihnen gerne, Ihre IT Landschaft zu betreiben und beraten Sie fachkompetent in allen Fragen der Informationstechnik.<\/p>\n<p><strong>Zu Ihren Vorteilen geh\u00f6ren:<\/strong><\/p>\n<ul>\n<li>Ihre Mitarbeiter k\u00f6nnen sich auf ihre Kernkompetenzen konzentrieren und somit Ihr Business optimaler unterst\u00fctzen<\/li>\n<li>IT-Services k\u00f6nnen nach Bedarf und Budget umgesetzt werden<\/li>\n<li>Verl\u00e4sslicher Partner bei St\u00f6rungen oder Problemf\u00e4llen<\/li>\n<\/ul>\n<p>Gerne nehmen wir Ihre Anforderungen in einem kostenlosen Beratungsgespr\u00e4ch auf, um daraus eine IT-Strategie f\u00fcr Ihr Unternehmen zu entwickeln.<br \/>\nVermutlich haben Sie Ihr Firmengel\u00e4nde noch nicht aus einer anderen Perspektive wahrgenommen!<br \/>\nBegleiten Sie mich doch einmal mit dem Tragschrauber in andere Dimensionen und lassen Ihre Firmenlocation gemeinsam auf uns wirken.<\/p>\n","protected":false},"excerpt":{"rendered":"<p>Neben meiner Affinit\u00e4t zur Fliegerei bin ich technikbegeisterter Fachinformatiker und biete meinen Kunden bereits seit 2002 Unterst\u00fctzung beim Betrieb verschiedenster IT-Landschaften im privaten und Businessumfeld. Gerade im Business ist eine Aufgabenerledigung ohne die Unterst\u00fctzung durch die Informationstechnik meist nicht mehr denkbar, was dazu f\u00fchrt, dass diese Strukturen besonders gesch\u00fctzt werden m\u00fcssen. Eine IT Landschaft muss [&hellip;]<\/p>\n","protected":false},"author":2,"featured_media":0,"parent":0,"menu_order":0,"comment_status":"closed","ping_status":"closed","template":"","meta":{"footnotes":""},"aioseo_notices":[],"_links":{"self":[{"href":"https:\/\/tragschrauber.it\/wordpress\/wp-json\/wp\/v2\/pages\/351"}],"collection":[{"href":"https:\/\/tragschrauber.it\/wordpress\/wp-json\/wp\/v2\/pages"}],"about":[{"href":"https:\/\/tragschrauber.it\/wordpress\/wp-json\/wp\/v2\/types\/page"}],"author":[{"embeddable":true,"href":"https:\/\/tragschrauber.it\/wordpress\/wp-json\/wp\/v2\/users\/2"}],"replies":[{"embeddable":true,"href":"https:\/\/tragschrauber.it\/wordpress\/wp-json\/wp\/v2\/comments?post=351"}],"version-history":[{"count":2,"href":"https:\/\/tragschrauber.it\/wordpress\/wp-json\/wp\/v2\/pages\/351\/revisions"}],"predecessor-version":[{"id":360,"href":"https:\/\/tragschrauber.it\/wordpress\/wp-json\/wp\/v2\/pages\/351\/revisions\/360"}],"wp:attachment":[{"href":"https:\/\/tragschrauber.it\/wordpress\/wp-json\/wp\/v2\/media?parent=351"}],"curies":[{"name":"wp","href":"https:\/\/api.w.org\/{rel}","templated":true}]}}

<p>Neben meiner Affinität zur Fliegerei bin ich technikbegeisterter Fachinformatiker und biete meinen Kunden bereits seit 2002 Unterstützung beim Betrieb verschiedenster IT-Landschaften im privaten und Businessumfeld.<br />
Gerade im Business ist eine Aufgabenerledigung ohne die Unterstützung durch die Informationstechnik meist nicht mehr denkbar, was dazu führt, dass diese Strukturen besonders geschützt werden müssen. Eine IT Landschaft muss daher ständig verfügbar und geschützt sein, sodass die Datenintegrität sowie die Vertraulichkeit gewahrt bleibt.<br />
Oftmals ist es die Konsequenz, dass ein Mitarbeiter, der die IT neben seiner regulären Tätigkeit betreiben soll, sich gar nicht mehr in die vielfältigen Themen einarbeiten kann und somit die Gefahr für Angriffe bis hin zu einem Komplettausfall für ein IT-Netzwerk noch gesteigert wird.<br />
Spezial-T bietet bereits seit 2002 Unterstützung beim Betrieb verschiedenster IT-Landschaften im Businessumfeld. Dabei geht es heute ebenso um die Verlässlichkeit von Systemen als auch um die Absicherung gegen externe und interne Gefahren, wobei die verschiedensten gesetzlichen Bestimmungen (z.B. Datenschutz) beim Betrieb von IT Anlagen zu beachten sind.<br />
Unser Kundenumfeld reicht hier von dem kleinen Unternehmer mit 1-2 Arbeitsplätzen bis hin zu mittelständischen Unternehmen von 30-50 Arbeitsplätzen.<br />
Wir helfen Ihnen gerne, Ihre IT Landschaft zu betreiben und beraten Sie fachkompetent in allen Fragen der Informationstechnik.</p>
<p><strong>Zu Ihren Vorteilen gehören:</strong></p>
<ul>
<li>Ihre Mitarbeiter können sich auf ihre Kernkompetenzen konzentrieren und somit Ihr Business optimaler unterstützen</li>
<li>IT-Services können nach Bedarf und Budget umgesetzt werden</li>
<li>Verlässlicher Partner bei Störungen oder Problemfällen</li>
</ul>
<p>Gerne nehmen wir Ihre Anforderungen in einem kostenlosen Beratungsgespräch auf, um daraus eine IT-Strategie für Ihr Unternehmen zu entwickeln.<br />
Vermutlich haben Sie Ihr Firmengelände noch nicht aus einer anderen Perspektive wahrgenommen!<br />
Begleiten Sie mich doch einmal mit dem Tragschrauber in andere Dimensionen und lassen Ihre Firmenlocation gemeinsam auf uns wirken.</p>

<p>Neben meiner Affinität zur Fliegerei bin ich technikbegeisterter Fachinformatiker und biete meinen Kunden bereits seit 2002 Unterstützung beim Betrieb verschiedenster IT-Landschaften im privaten und Businessumfeld. Gerade im Business ist eine Aufgabenerledigung ohne die Unterstützung durch die Informationstechnik meist nicht mehr denkbar, was dazu führt, dass diese Strukturen besonders geschützt werden müssen. Eine IT Landschaft muss [&hellip;]</p>
