{"id":212,"date":"2016-07-05T13:16:09","date_gmt":"2016-07-05T11:16:09","guid":{"rendered":"http:\/\/tragschrauber.it\/wordpress?page_id=212"},"modified":"2024-02-12T00:45:17","modified_gmt":"2024-02-11T23:45:17","slug":"wartung-und-sicherheit","status":"publish","type":"page","link":"https:\/\/tragschrauber.it\/wordpress\/wartung-und-sicherheit\/","title":{"rendered":"Wartung und Sicherheit"},"content":{"rendered":"<p><strong>Wartung und Sicherheit<\/strong><\/p>\n<p>Unsere Gyrocopter werden alle 100 Betriebsstunden, oder einmal j\u00e4hrlich gepr\u00fcft und gewartet.<\/p>\n<p>Danach folgt die Abnahme eines verifizierten Pr\u00fcfers der Klasse 5.<\/p>\n<p>Wartungspartner<\/p>\n<p><a href=\"http:\/\/www.auto-gyro.com\">http:\/\/www.auto-gyro.com<\/a><\/p>\n<p><a href=\"http:\/\/www.franz-aircraft.de\">http:\/\/www.franz-aircraft.de<\/a><\/p>\n<p><a href=\"http:\/\/www.dulv.de\/Tragschrauber\/K110.htm\">http:\/\/www.dulv.de\/Tragschrauber\/K110.htm<\/a><\/p>\n<p>&nbsp;<\/p>\n","protected":false},"excerpt":{"rendered":"<p>Wartung und Sicherheit Unsere Gyrocopter werden alle 100 Betriebsstunden, oder einmal j\u00e4hrlich gepr\u00fcft und gewartet. Danach folgt die Abnahme eines verifizierten Pr\u00fcfers der Klasse 5. Wartungspartner http:\/\/www.auto-gyro.com http:\/\/www.franz-aircraft.de http:\/\/www.dulv.de\/Tragschrauber\/K110.htm &nbsp;<\/p>\n","protected":false},"author":2,"featured_media":0,"parent":0,"menu_order":0,"comment_status":"closed","ping_status":"closed","template":"","meta":{"footnotes":""},"aioseo_notices":[],"_links":{"self":[{"href":"https:\/\/tragschrauber.it\/wordpress\/wp-json\/wp\/v2\/pages\/212"}],"collection":[{"href":"https:\/\/tragschrauber.it\/wordpress\/wp-json\/wp\/v2\/pages"}],"about":[{"href":"https:\/\/tragschrauber.it\/wordpress\/wp-json\/wp\/v2\/types\/page"}],"author":[{"embeddable":true,"href":"https:\/\/tragschrauber.it\/wordpress\/wp-json\/wp\/v2\/users\/2"}],"replies":[{"embeddable":true,"href":"https:\/\/tragschrauber.it\/wordpress\/wp-json\/wp\/v2\/comments?post=212"}],"version-history":[{"count":3,"href":"https:\/\/tragschrauber.it\/wordpress\/wp-json\/wp\/v2\/pages\/212\/revisions"}],"predecessor-version":[{"id":372,"href":"https:\/\/tragschrauber.it\/wordpress\/wp-json\/wp\/v2\/pages\/212\/revisions\/372"}],"wp:attachment":[{"href":"https:\/\/tragschrauber.it\/wordpress\/wp-json\/wp\/v2\/media?parent=212"}],"curies":[{"name":"wp","href":"https:\/\/api.w.org\/{rel}","templated":true}]}}