{"id":208,"date":"2016-07-05T09:41:53","date_gmt":"2016-07-05T07:41:53","guid":{"rendered":"http:\/\/tragschrauber.it\/wordpress?page_id=208"},"modified":"2024-02-12T00:41:56","modified_gmt":"2024-02-11T23:41:56","slug":"rundfluege","status":"publish","type":"page","link":"https:\/\/tragschrauber.it\/wordpress\/fluege\/rundfluege\/","title":{"rendered":"Rundfl\u00fcge"},"content":{"rendered":"<p>Wer m\u00f6chte nicht einmal gerne die Welt von oben sehen? Lehnen Sie sich entspannt zur\u00fcck und lassen sich von unseren erfahrenen Piloten in den Himmel entf\u00fchren&#8230;<\/p>\n","protected":false},"excerpt":{"rendered":"<p>Wer m\u00f6chte nicht einmal gerne die Welt von oben sehen? Lehnen Sie sich entspannt zur\u00fcck und lassen sich von unseren erfahrenen Piloten in den Himmel entf\u00fchren&#8230;<\/p>\n","protected":false},"author":2,"featured_media":0,"parent":198,"menu_order":0,"comment_status":"closed","ping_status":"closed","template":"","meta":{"footnotes":""},"aioseo_notices":[],"_links":{"self":[{"href":"https:\/\/tragschrauber.it\/wordpress\/wp-json\/wp\/v2\/pages\/208"}],"collection":[{"href":"https:\/\/tragschrauber.it\/wordpress\/wp-json\/wp\/v2\/pages"}],"about":[{"href":"https:\/\/tragschrauber.it\/wordpress\/wp-json\/wp\/v2\/types\/page"}],"author":[{"embeddable":true,"href":"https:\/\/tragschrauber.it\/wordpress\/wp-json\/wp\/v2\/users\/2"}],"replies":[{"embeddable":true,"href":"https:\/\/tragschrauber.it\/wordpress\/wp-json\/wp\/v2\/comments?post=208"}],"version-history":[{"count":2,"href":"https:\/\/tragschrauber.it\/wordpress\/wp-json\/wp\/v2\/pages\/208\/revisions"}],"predecessor-version":[{"id":368,"href":"https:\/\/tragschrauber.it\/wordpress\/wp-json\/wp\/v2\/pages\/208\/revisions\/368"}],"up":[{"embeddable":true,"href":"https:\/\/tragschrauber.it\/wordpress\/wp-json\/wp\/v2\/pages\/198"}],"wp:attachment":[{"href":"https:\/\/tragschrauber.it\/wordpress\/wp-json\/wp\/v2\/media?parent=208"}],"curies":[{"name":"wp","href":"https:\/\/api.w.org\/{rel}","templated":true}]}}